) + 2*w(h). What is z(i)?
-4
Let r(i) = 2*i**2 + 6. Let b(w) = 3*w**2 - w + 9. Let v(a) = 3*b(a) - 4*r(a). What is v(2)?
1
Let l be 3 + -2 - (-3 - (3 + -1)). Let g(x) = 2*x + 7. Let u(q) = q. Let r(c) = g(c) - 3*u(c). Determine r(l).
1
Let n(q) = 9*q + 32. Let z(k) = 20*k + 72. Let g(s) = -5*n(s) + 2*z(s). Calculate g(0).
-16
Let w(l) = l**2 - 3*l + 6. Let b(z) = -7*z**3 + 4*z**2 + 5*z + 1. Let x be b(-1). Determine w(x).
34
Let t(s) = s**3 - 8*s**2 + 7*s - 4. Suppose 2*l = -3*i + 1 + 17, 5*l = -i + 19. Let u be l*1 + -12 + 16. Give t(u).
-4
Let m(y) be the third derivative of -8*y**2 + 1/120*y**6 - 1/6*y**3 + 0 + 7/60*y**5 + 0*y + 7/24*y**4. Suppose -f = 1, -2*k + 5*f - 6 = 1. Determine m(k).
-7
Let l(q) = 3*q. Let w be l(2). Let h(m) = -m + 1. Let z(r) = r**3 - 2*r**2 - 21. Let k be z(0). Let d(b) = -3*b + 2. Let y(g) = k*h(g) + 6*d(g). What is y(w)?
9
Let o(f) = 2*f**2 - 3*f. Let p be ((-10)/(-15))/((20/18)/(-5)). Determine o(p).
27
Suppose 3*s + 16 = 5*t + 2, -2*s = -4. Let l(m) be the second derivative of 1/3*m**3 - 6*m + 1/20*m**5 - 1/3*m**4 + 1/2*m**2 + 0. Give l(t).
9
Suppose 33*z + 99 = -264. Let j(o) = o + 18. Calculate j(z).
7
Let c(d) = -d**3 + 4*d**2 + 7*d + 3. Let k = 384 + -378. Give c(k).
-27
Let p(w) = -w**2 + 6*w - 4. Let r(o) = -o**2 + 18*o - 41. Let m be r(15). What is p(m)?
4
Let j be (-1)/((-66)/32 + 2). Suppose -19 = 3*g - 5*z - 51, g = -5*z - j. Let h(i) = -i**3 + 5*i**2 - 3*i + 3. Calculate h(g).
7
Let a(g) be the first derivative of g**4/4 - 2*g**3/3 + 4*g + 6. Let o(i) = -2*i**3 + 3*i**2 - 8. Let l(x) = 5*a(x) + 3*o(x). Give l(0).
-4
Suppose -15*p - 7 + 67 = 0. Let c(q) = q + 3. Calculate c(p).
7
Let x(l) = -35*l - 23. Let p(b) = 12*b + 8. Let y(f) = -17*p(f) - 6*x(f). Let o = 2187 - 2189. What is y(o)?
-10
Let p(i) be the third derivative of -3*i**5/20 - i**4/8 - i**3/3 + 2*i**2 + 13. Determine p(-1).
-8
Let d be 2/3 - 240/(-72). Let k(p) = 8*p - 34. Give k(d).
-2
Suppose -2*v - 4*d = 6, -2*v - v = -5*d - 13. Let i(o) = 5*o - 3*o**2 + 4*o**2 - v - 4*o**2 + 4*o**2. What is i(-5)?
-1
Let z(o) = 19 - o - 28 + 8. Suppose 3*b + 6 = 15. Determine z(b).
-4
Let u(g) be the third derivative of -g**6/120 - g**5/15 - 2*g**3/3 - 7*g**2 - 4*g. Give u(-5).
21
Let a(r) = -3*r**2 - 2*r - 5. Let q(t) = -4*t**2 - 2*t - 7. Let h(f) = -3*a(f) + 2*q(f). What is h(-1)?
0
Let p(i) = -8*i**2 - 4. Suppose 5*y = 2*v + 14, y - v + 6 = -5*v. What is p(y)?
-36
Let v(r) = -6*r - 9. Let d(q) = 17*q + 32. Let n(x) = -3*d(x) - 8*v(x). Determine n(-10).
6
Let a = -21 - -23. Let u(b) = 10*b**a + 9*b - 2*b**2 - 110*b**3 + b + 8 + 111*b**3. Determine u(-7).
-13
Let i(k) be the second derivative of -k**5/20 - 5*k**4/12 + k**3 + 2*k**2 + 2*k + 5. Let h be (-6)/(-2 - 0)*-2. Give i(h).
4
Let u(z) be the third derivative of z**5/60 - z**4/24 - z**3/6 + 2*z**2 - 63. Determine u(-4).
19
Suppose 3*z = m - z - 11, -2*z = 3*m - 5. Let i(x) be the third derivative of -x**6/120 + x**5/20 - x**4/8 + x**3/6 + 13*x**2. What is i(m)?
-8
Let q = 1089 - 1096. Let g(z) = 3*z**2 - 9*z + 3. Let c(n) = -5*n**2 + 13*n - 5. Let d(i) = 5*c(i) + 8*g(i). Give d(q).
-1
Let f(z) = 9 - 2*z**2 + 9*z - 7*z - 9*z + z**2. Give f(-8).
1
Suppose -51*b - 55 = -62*b. Let j(a) = -a**2 - 2*a - 1. Give j(b).
-36
Let n = 1173 - 1176. Let t(h) = 3*h**2 + 5*h + 3. Determine t(n).
15
Suppose -3*q = 5*j - q - 35, 3*j = -3*q + 12. Let w(c) = 3*c - 9. Give w(j).
18
Suppose -8*s + 6*s - 8 = 0. Let l(h) be the first derivative of -h**4/4 - 4*h**3/3 - h**2/2 + 5*h + 36. Give l(s).
9
Let w(h) be the third derivative of -h**6/120 + 7*h**5/30 - 11*h**4/24 - h**3/6 + 20*h**2 - h. What is w(13)?
25
Let j(l) = l**3 - 3*l**2 - 3*l + 4. Let g be j(4). Let a(o) be the third derivative of o**4/24 - 2*o**3/3 - 27*o**2. What is a(g)?
4
Let l(w) = 1099 + 6*w - 541 - 549. Give l(-2).
-3
Let s(a) = -6*a + 2. Let h(z) = -7*z + 2. Let g(i) = -5*h(i) + 6*s(i). Suppose 2*q - 195 + 193 = 0. Give g(q).
1
Let j(x) = -x**3 - x**2 - 3*x. Let c(a) = a**3 + 9*a**2 + 16*a - 18. Let v(y) = -c(y) - 2*j(y). Determine v(8).
2
Let x(s) = -5*s**2 + s. Let p = -48 + 32. Let u be (-3)/(p/20 + 1). Let n = u - -14. Calculate x(n).
-6
Let q(w) = w - 5. Let r be q(5). Suppose 13 = 4*j - 3*b, -5*j = -r*b + b - 2. Suppose 4*x = 2*i + 4, -x + 5*i + 20 = j. Let p(s) = -3*s**3 - s**2. What is p(x)?
2
Let s(d) = 3*d + 27. Let f(p) = -p**3 - 9*p**2 + 14*p + 31. Let a be f(-10). Give s(a).
0
Suppose -3*i + 4 = -5. Let o(f) = -f**2 + f + 1. Let p(q) = 3*q**2 - 2*q. Let s(d) = -5*o(d) - p(d). Let y(b) be the first derivative of s(b). What is y(i)?
9
Suppose -4*i - v = -105, 2*i = 5*v + 56 - 9. Let y = i - 23. Let h(l) = 0*l + 0*l**y - 1 - 2*l**3 - 3*l**2 + l**3 + 4*l. Calculate h(-4).
-1
Let i(k) = 10*k**2 - 2*k + 2*k**2 - k**3 + 1 + 2*k**2 + 16 + 3. Give i(14).
-8
Let c(b) be the first derivative of -b**2/2 + 2*b + 1. Let f(s) = 2 - 4*s - 2*s + 7*s + 0*s. Let q be f(-4). What is c(q)?
4
Suppose 4*c + 3*c = 21. Suppose u + 2*z = 3 + 3, c*u + 3*z = 15. Let t(x) = -3*x + 4. Determine t(u).
-8
Let w(f) be the second derivative of f**3/6 + f**2 - 62*f. Suppose 0 = -2*l + 5*l. Calculate w(l).
2
Suppose 8 = 3*v + 11. Let f(w) = 4*w + 0*w - 2*w. Determine f(v).
-2
Suppose -b = -4*a + 1, 2*a = -b + 31 - 8. Let f(h) = 5*h**2 - h - 4*h**2 + b + 0*h - 2. What is f(0)?
13
Let m be -3*(92/60 - (-10)/75). Let u(h) = -h**2 + 5. What is u(m)?
-20
Suppose -3*w + 183 = -w + 3*h, 2*h - 441 = -5*w. Let i(q) = q + w - 89 - 2*q. Calculate i(-8).
6
Let g(q) be the third derivative of -q**6/120 + 2*q**5/15 + 3*q**4/8 + 13*q**3/6 + 280*q**2 + 2. Let d(f) = -f**2 - 7*f - 3. Let c be d(-4). Give g(c).
13
Let o = -1218/5 - -7313/30. Let y(u) be the second derivative of -o*u**3 + 0 + 0*u**2 + 12*u. What is y(-4)?
4
Let d(a) = 2*a**2 - 10*a + 14. Suppose 0 = -j - 26*u + 27*u + 11, 0 = -5*j - u + 25. Determine d(j).
26
Suppose -6*i - s = -5*i - 1, s - 1 = i. Suppose i = -6*y + 18 - 0. Let c(p) = -p + 1 - p + 4*p - p**3 + 2*p**2. Determine c(y).
-2
Suppose -5*s = u - 35, 5*u + 2 = 2*s + 15. Let x(k) = -s*k + 3*k**2 + 2*k**2 - 7*k**2. Suppose 5*z - 3*c + 20 = 0, -2*c - 8 = 2*z - 7*c. Give x(z).
-8
Let k(i) = -3*i**2 - 23*i - 8. Let c(o) = -o**2 - 8*o - 3. Let u(g) = -11*c(g) + 4*k(g). Let f be (2 - 0)*2/4. Let s = f + -4. Determine u(s).
4
Suppose 2 = z - 0. Let o(c) = -82*c + 29 + 2*c**2 + 82*c - c**z. Determine o(0).
29
Suppose -56*i = -42*i + 14. Let j(f) = -2*f - 5. Calculate j(i).
-3
Let l(s) = -2*s**2 + 13*s - 4. Let x be l(6). Suppose 6*j = x*j + 24. Suppose 0*b = -3*b - j. Let d(t) = -t**2 - 3*t - 2. What is d(b)?
0
Let l(v) = -3*v**2 - 3*v - 4. Let q(s) = 7*s**2 + 7*s + 9. Let z(b) = -9*l(b) - 4*q(b). Let f(c) = -3*c**2 - c + 2. Let h be f(-2). Let j = h - -5. Give z(j).
-6
Let v(k) = k - 9. Let g(b) = -15*b + 144. Let x(a) = -2*g(a) - 33*v(a). Let y be (100/(-30))/((-1)/3). Suppose 2*m + 0*m = y, -2 = -2*z + 2*m. Give x(z).
-9
Let a(q) = q**3 + 5*q**2 + 2*q - 2. Let i be -4*((-1)/7 - (-136)/(-28)). Suppose 0*k = k - 3. Suppose k*r + r = -i. What is a(r)?
-12
Let i(n) = 3*n - 59. Let q be 0/(-5) - (-36)/2. Give i(q).
-5
Let i(s) = -6*s**3 + 8*s**2 - 8*s - 4. Let p(m) = 5*m**3 - 7*m**2 + 7*m + 3. Let j(q) = -4*i(q) - 5*p(q). Let k be -3*(-4 + 40/12). Determine j(k).
-1
Let w(r) be the second derivative of -1/20*r**5 + 0 - 1/12*r**4 - 8*r + 1/6*r**3 - r**2. Let g be (-1 - -1)/((-28)/(-7)). Give w(g).
-2
Let s(l) = -3*l + 29. Suppose -4*t = -3*o - 2*t + 26, o - 4*t = 2. Give s(o).
-1
Let l(g) be the first derivative of g**2/2 + 10*g + 72. Let d = -1 - -6. Suppose 5*q + 30 = -d*y, 3*q - 2*q = 5*y. Give l(q).
5
Let h(l) = l**2 + 7*l - 18. Let y(s) = -s**2 - 7*s + 20. Let t(p) = 7*h(p) + 6*y(p). Give t(-8).
2
Suppose 0*z - 50 = -3*p - 5*z, -4*z - 68 = -3*p. Let y(w) = -w + 19. Determine y(p).
-1
Let s(y) be the first derivative of y**3/3 - 5*y**2/2 - 26*y - 237. Determine s(8).
-2
Let k(d) be the third derivative of -5*d**4/24 - d**3 + 276*d**2. Determine k(-4).
14
Let m(g) = -2*g**3 - 4*g**2 - 3*g. Let y(s) = s**2 - 22*s + 34. Let b be y(16). Let j = b - -60. What is m(j)?
6
Let m be 1/((-9)/(-69)) + (-28)/42. Let s(p) = -p**3 + 6*p**2 + 9*p - 10. Give s(m).
4
Let w(p) be the third derivative of p**4/24 - p**3/3 - 253*p**2 - 2. What is w(5)?
3
Let k(q) = q**2 + 9*q - 9. Sup